{"id":4051,"date":"2023-09-11T14:24:00","date_gmt":"2023-09-11T14:24:00","guid":{"rendered":"https:\/\/acss.se\/inredning\/?page_id=4051"},"modified":"2025-11-24T20:01:13","modified_gmt":"2025-11-24T20:01:13","slug":"vagg-dorrsystem","status":"publish","type":"page","link":"https:\/\/acss.se\/inredning\/vagg-dorrsystem\/","title":{"rendered":"V\u00e4gg &#038; d\u00f6rrsystem"},"content":{"rendered":"\n<div class=\"wp-block-columns is-layout-flex wp-container-core-columns-is-layout-9d6595d7 wp-block-columns-is-layout-flex\">\n<div class=\"wp-block-column is-layout-flow wp-block-column-is-layout-flow\">\n<p>Vi har idag ett fokus p\u00e5 publika v\u00e5tutrymmen, men efter ett l\u00e5ngt samarbete med AVC Gemino ifr\u00e5n Belgien kan vi inte l\u00e5ta bli att forts\u00e4tta \u00e5terf\u00f6rs\u00e4lja deras v\u00e4ldesignade och akustiska v\u00e4gg och d\u00f6rrsystem f\u00f6r kontor och andra publika milj\u00f6er. I serien finns glaspartier i olika modeller och s\u00e5v\u00e4l slag- som skjutd\u00f6rrar. Systemet kundanpassas efter behov och \u00f6nskem\u00e5l.  <\/p>\n\n\n\n<p> <\/p>\n<\/div>\n\n\n\n<div class=\"wp-block-column is-layout-flow wp-block-column-is-layout-flow\">\n<figure class=\"wp-block-image size-large is-style-default\"><img loading=\"lazy\" decoding=\"async\" width=\"1024\" height=\"819\" src=\"https:\/\/acss.se\/inredning\/wp-content\/uploads\/Glaspartier-Kontor-1024x819.jpg\" alt=\"\" class=\"wp-image-4442\" srcset=\"https:\/\/acss.se\/inredning\/wp-content\/uploads\/Glaspartier-Kontor-1024x819.jpg 1024w, https:\/\/acss.se\/inredning\/wp-content\/uploads\/Glaspartier-Kontor-300x240.jpg 300w, https:\/\/acss.se\/inredning\/wp-content\/uploads\/Glaspartier-Kontor-768x614.jpg 768w, https:\/\/acss.se\/inredning\/wp-content\/uploads\/Glaspartier-Kontor-1536x1229.jpg 1536w, https:\/\/acss.se\/inredning\/wp-content\/uploads\/Glaspartier-Kontor.jpg 1875w\" sizes=\"auto, (max-width: 1024px) 100vw, 1024px\" \/><figcaption class=\"wp-element-caption\">Glasparti Gemino<\/figcaption><\/figure>\n<\/div>\n<\/div>\n\n\n\n<p>F\u00f6r mer information se AVC Gemino webbsida; <\/p>\n\n\n\n<div class=\"wp-block-columns is-layout-flex wp-container-core-columns-is-layout-9d6595d7 wp-block-columns-is-layout-flex\">\n<div class=\"wp-block-column is-layout-flow wp-block-column-is-layout-flow\" style=\"flex-basis:100%\">\n<figure class=\"wp-block-image size-full\"><a href=\"https:\/\/www.avc.eu\/en\/doors-and-walls-offices\"><img loading=\"lazy\" decoding=\"async\" width=\"400\" height=\"102\" src=\"https:\/\/acss.se\/inredning\/wp-content\/uploads\/logga-AVC.png\" alt=\"\" class=\"wp-image-4056\" srcset=\"https:\/\/acss.se\/inredning\/wp-content\/uploads\/logga-AVC.png 400w, https:\/\/acss.se\/inredning\/wp-content\/uploads\/logga-AVC-300x77.png 300w\" sizes=\"auto, (max-width: 400px) 100vw, 400px\" \/><\/a><\/figure>\n<\/div>\n<\/div>\n","protected":false},"excerpt":{"rendered":"<p>Vi har idag ett fokus p\u00e5 publika v\u00e5tutrymmen, men efter ett l\u00e5ngt samarbete med AVC Gemino ifr\u00e5n Belgien kan vi inte l\u00e5ta bli att forts\u00e4tta \u00e5terf\u00f6rs\u00e4lja deras v\u00e4ldesignade och akustiska &#8230;<\/p>\n","protected":false},"author":1,"featured_media":0,"parent":0,"menu_order":0,"comment_status":"closed","ping_status":"closed","template":"","meta":{"footnotes":""},"class_list":["post-4051","page","type-page","status-publish","hentry"],"yoast_head":"<!-- This site is optimized with the Yoast SEO plugin v27.5 - https:\/\/yoast.com\/product\/yoast-seo-wordpress\/ -->\n<title>V\u00e4gg &amp; d\u00f6rrsystem - ACSS Inredning - Duschb\u00e5s, Duschkabiner, Toalettb\u00e5s, Sk\u00e5p, B\u00e4nkar<\/title>\n<meta name=\"robots\" content=\"index, follow, max-snippet:-1, max-image-preview:large, max-video-preview:-1\" \/>\n<link rel=\"canonical\" href=\"https:\/\/acss.se\/inredning\/vagg-dorrsystem\/\" \/>\n<meta property=\"og:locale\" content=\"sv_SE\" \/>\n<meta property=\"og:type\" content=\"article\" \/>\n<meta property=\"og:title\" content=\"V\u00e4gg &amp; d\u00f6rrsystem - ACSS Inredning - Duschb\u00e5s, Duschkabiner, Toalettb\u00e5s, Sk\u00e5p, B\u00e4nkar\" \/>\n<meta property=\"og:description\" content=\"Vi har idag ett fokus p\u00e5 publika v\u00e5tutrymmen, men efter ett l\u00e5ngt samarbete med AVC Gemino ifr\u00e5n Belgien kan vi inte l\u00e5ta bli att forts\u00e4tta \u00e5terf\u00f6rs\u00e4lja deras v\u00e4ldesignade och akustiska ...\" \/>\n<meta property=\"og:url\" content=\"https:\/\/acss.se\/inredning\/vagg-dorrsystem\/\" \/>\n<meta property=\"og:site_name\" content=\"ACSS Inredning - Duschb\u00e5s, Duschkabiner, Toalettb\u00e5s, Sk\u00e5p, B\u00e4nkar\" \/>\n<meta property=\"article:modified_time\" content=\"2025-11-24T20:01:13+00:00\" \/>\n<meta property=\"og:image\" content=\"https:\/\/acss.se\/inredning\/wp-content\/uploads\/Glaspartier-Kontor.jpg\" \/>\n\t<meta property=\"og:image:width\" content=\"1875\" \/>\n\t<meta property=\"og:image:height\" content=\"1500\" \/>\n\t<meta property=\"og:image:type\" content=\"image\/jpeg\" \/>\n<meta name=\"twitter:card\" content=\"summary_large_image\" \/>\n<meta name=\"twitter:label1\" content=\"Ber\u00e4knad l\u00e4stid\" \/>\n\t<meta name=\"twitter:data1\" content=\"1 minut\" \/>\n<script type=\"application\/ld+json\" class=\"yoast-schema-graph\">{\"@context\":\"https:\\\/\\\/schema.org\",\"@graph\":[{\"@type\":\"WebPage\",\"@id\":\"https:\\\/\\\/acss.se\\\/inredning\\\/vagg-dorrsystem\\\/\",\"url\":\"https:\\\/\\\/acss.se\\\/inredning\\\/vagg-dorrsystem\\\/\",\"name\":\"V\u00e4gg & d\u00f6rrsystem - ACSS Inredning - Duschb\u00e5s, Duschkabiner, Toalettb\u00e5s, Sk\u00e5p, B\u00e4nkar\",\"isPartOf\":{\"@id\":\"https:\\\/\\\/acss.se\\\/inredning\\\/#website\"},\"primaryImageOfPage\":{\"@id\":\"https:\\\/\\\/acss.se\\\/inredning\\\/vagg-dorrsystem\\\/#primaryimage\"},\"image\":{\"@id\":\"https:\\\/\\\/acss.se\\\/inredning\\\/vagg-dorrsystem\\\/#primaryimage\"},\"thumbnailUrl\":\"https:\\\/\\\/acss.se\\\/inredning\\\/wp-content\\\/uploads\\\/Glaspartier-Kontor-1024x819.jpg\",\"datePublished\":\"2023-09-11T14:24:00+00:00\",\"dateModified\":\"2025-11-24T20:01:13+00:00\",\"breadcrumb\":{\"@id\":\"https:\\\/\\\/acss.se\\\/inredning\\\/vagg-dorrsystem\\\/#breadcrumb\"},\"inLanguage\":\"sv-SE\",\"potentialAction\":[{\"@type\":\"ReadAction\",\"target\":[\"https:\\\/\\\/acss.se\\\/inredning\\\/vagg-dorrsystem\\\/\"]}]},{\"@type\":\"ImageObject\",\"inLanguage\":\"sv-SE\",\"@id\":\"https:\\\/\\\/acss.se\\\/inredning\\\/vagg-dorrsystem\\\/#primaryimage\",\"url\":\"https:\\\/\\\/acss.se\\\/inredning\\\/wp-content\\\/uploads\\\/Glaspartier-Kontor.jpg\",\"contentUrl\":\"https:\\\/\\\/acss.se\\\/inredning\\\/wp-content\\\/uploads\\\/Glaspartier-Kontor.jpg\",\"width\":1875,\"height\":1500},{\"@type\":\"BreadcrumbList\",\"@id\":\"https:\\\/\\\/acss.se\\\/inredning\\\/vagg-dorrsystem\\\/#breadcrumb\",\"itemListElement\":[{\"@type\":\"ListItem\",\"position\":1,\"name\":\"Hem\",\"item\":\"https:\\\/\\\/acss.se\\\/inredning\\\/\"},{\"@type\":\"ListItem\",\"position\":2,\"name\":\"V\u00e4gg &#038; d\u00f6rrsystem\"}]},{\"@type\":\"WebSite\",\"@id\":\"https:\\\/\\\/acss.se\\\/inredning\\\/#website\",\"url\":\"https:\\\/\\\/acss.se\\\/inredning\\\/\",\"name\":\"ACSS Inredning\",\"description\":\"\",\"publisher\":{\"@id\":\"https:\\\/\\\/acss.se\\\/inredning\\\/#organization\"},\"potentialAction\":[{\"@type\":\"SearchAction\",\"target\":{\"@type\":\"EntryPoint\",\"urlTemplate\":\"https:\\\/\\\/acss.se\\\/inredning\\\/?s={search_term_string}\"},\"query-input\":{\"@type\":\"PropertyValueSpecification\",\"valueRequired\":true,\"valueName\":\"search_term_string\"}}],\"inLanguage\":\"sv-SE\"},{\"@type\":\"Organization\",\"@id\":\"https:\\\/\\\/acss.se\\\/inredning\\\/#organization\",\"name\":\"ACSS Inredning\",\"url\":\"https:\\\/\\\/acss.se\\\/inredning\\\/\",\"logo\":{\"@type\":\"ImageObject\",\"inLanguage\":\"sv-SE\",\"@id\":\"https:\\\/\\\/acss.se\\\/inredning\\\/#\\\/schema\\\/logo\\\/image\\\/\",\"url\":\"https:\\\/\\\/acss.se\\\/inredning\\\/wp-content\\\/uploads\\\/cropped-cropped-ACSS-jpeg-512x512-1-192x192-1.jpg\",\"contentUrl\":\"https:\\\/\\\/acss.se\\\/inredning\\\/wp-content\\\/uploads\\\/cropped-cropped-ACSS-jpeg-512x512-1-192x192-1.jpg\",\"width\":192,\"height\":76,\"caption\":\"ACSS Inredning\"},\"image\":{\"@id\":\"https:\\\/\\\/acss.se\\\/inredning\\\/#\\\/schema\\\/logo\\\/image\\\/\"}}]}<\/script>\n<!-- \/ Yoast SEO plugin. -->","yoast_head_json":{"title":"V\u00e4gg & d\u00f6rrsystem - ACSS Inredning - Duschb\u00e5s, Duschkabiner, Toalettb\u00e5s, Sk\u00e5p, B\u00e4nkar","robots":{"index":"index","follow":"follow","max-snippet":"max-snippet:-1","max-image-preview":"max-image-preview:large","max-video-preview":"max-video-preview:-1"},"canonical":"https:\/\/acss.se\/inredning\/vagg-dorrsystem\/","og_locale":"sv_SE","og_type":"article","og_title":"V\u00e4gg & d\u00f6rrsystem - ACSS Inredning - Duschb\u00e5s, Duschkabiner, Toalettb\u00e5s, Sk\u00e5p, B\u00e4nkar","og_description":"Vi har idag ett fokus p\u00e5 publika v\u00e5tutrymmen, men efter ett l\u00e5ngt samarbete med AVC Gemino ifr\u00e5n Belgien kan vi inte l\u00e5ta bli att forts\u00e4tta \u00e5terf\u00f6rs\u00e4lja deras v\u00e4ldesignade och akustiska ...","og_url":"https:\/\/acss.se\/inredning\/vagg-dorrsystem\/","og_site_name":"ACSS Inredning - Duschb\u00e5s, Duschkabiner, Toalettb\u00e5s, Sk\u00e5p, B\u00e4nkar","article_modified_time":"2025-11-24T20:01:13+00:00","og_image":[{"width":1875,"height":1500,"url":"https:\/\/acss.se\/inredning\/wp-content\/uploads\/Glaspartier-Kontor.jpg","type":"image\/jpeg"}],"twitter_card":"summary_large_image","twitter_misc":{"Ber\u00e4knad l\u00e4stid":"1 minut"},"schema":{"@context":"https:\/\/schema.org","@graph":[{"@type":"WebPage","@id":"https:\/\/acss.se\/inredning\/vagg-dorrsystem\/","url":"https:\/\/acss.se\/inredning\/vagg-dorrsystem\/","name":"V\u00e4gg & d\u00f6rrsystem - ACSS Inredning - Duschb\u00e5s, Duschkabiner, Toalettb\u00e5s, Sk\u00e5p, B\u00e4nkar","isPartOf":{"@id":"https:\/\/acss.se\/inredning\/#website"},"primaryImageOfPage":{"@id":"https:\/\/acss.se\/inredning\/vagg-dorrsystem\/#primaryimage"},"image":{"@id":"https:\/\/acss.se\/inredning\/vagg-dorrsystem\/#primaryimage"},"thumbnailUrl":"https:\/\/acss.se\/inredning\/wp-content\/uploads\/Glaspartier-Kontor-1024x819.jpg","datePublished":"2023-09-11T14:24:00+00:00","dateModified":"2025-11-24T20:01:13+00:00","breadcrumb":{"@id":"https:\/\/acss.se\/inredning\/vagg-dorrsystem\/#breadcrumb"},"inLanguage":"sv-SE","potentialAction":[{"@type":"ReadAction","target":["https:\/\/acss.se\/inredning\/vagg-dorrsystem\/"]}]},{"@type":"ImageObject","inLanguage":"sv-SE","@id":"https:\/\/acss.se\/inredning\/vagg-dorrsystem\/#primaryimage","url":"https:\/\/acss.se\/inredning\/wp-content\/uploads\/Glaspartier-Kontor.jpg","contentUrl":"https:\/\/acss.se\/inredning\/wp-content\/uploads\/Glaspartier-Kontor.jpg","width":1875,"height":1500},{"@type":"BreadcrumbList","@id":"https:\/\/acss.se\/inredning\/vagg-dorrsystem\/#breadcrumb","itemListElement":[{"@type":"ListItem","position":1,"name":"Hem","item":"https:\/\/acss.se\/inredning\/"},{"@type":"ListItem","position":2,"name":"V\u00e4gg &#038; d\u00f6rrsystem"}]},{"@type":"WebSite","@id":"https:\/\/acss.se\/inredning\/#website","url":"https:\/\/acss.se\/inredning\/","name":"ACSS Inredning","description":"","publisher":{"@id":"https:\/\/acss.se\/inredning\/#organization"},"potentialAction":[{"@type":"SearchAction","target":{"@type":"EntryPoint","urlTemplate":"https:\/\/acss.se\/inredning\/?s={search_term_string}"},"query-input":{"@type":"PropertyValueSpecification","valueRequired":true,"valueName":"search_term_string"}}],"inLanguage":"sv-SE"},{"@type":"Organization","@id":"https:\/\/acss.se\/inredning\/#organization","name":"ACSS Inredning","url":"https:\/\/acss.se\/inredning\/","logo":{"@type":"ImageObject","inLanguage":"sv-SE","@id":"https:\/\/acss.se\/inredning\/#\/schema\/logo\/image\/","url":"https:\/\/acss.se\/inredning\/wp-content\/uploads\/cropped-cropped-ACSS-jpeg-512x512-1-192x192-1.jpg","contentUrl":"https:\/\/acss.se\/inredning\/wp-content\/uploads\/cropped-cropped-ACSS-jpeg-512x512-1-192x192-1.jpg","width":192,"height":76,"caption":"ACSS Inredning"},"image":{"@id":"https:\/\/acss.se\/inredning\/#\/schema\/logo\/image\/"}}]}},"_links":{"self":[{"href":"https:\/\/acss.se\/inredning\/wp-json\/wp\/v2\/pages\/4051","targetHints":{"allow":["GET"]}}],"collection":[{"href":"https:\/\/acss.se\/inredning\/wp-json\/wp\/v2\/pages"}],"about":[{"href":"https:\/\/acss.se\/inredning\/wp-json\/wp\/v2\/types\/page"}],"author":[{"embeddable":true,"href":"https:\/\/acss.se\/inredning\/wp-json\/wp\/v2\/users\/1"}],"replies":[{"embeddable":true,"href":"https:\/\/acss.se\/inredning\/wp-json\/wp\/v2\/comments?post=4051"}],"version-history":[{"count":4,"href":"https:\/\/acss.se\/inredning\/wp-json\/wp\/v2\/pages\/4051\/revisions"}],"predecessor-version":[{"id":4443,"href":"https:\/\/acss.se\/inredning\/wp-json\/wp\/v2\/pages\/4051\/revisions\/4443"}],"wp:attachment":[{"href":"https:\/\/acss.se\/inredning\/wp-json\/wp\/v2\/media?parent=4051"}],"curies":[{"name":"wp","href":"https:\/\/api.w.org\/{rel}","templated":true}]}}

Vägg &#038; dörrsystem

<div class="wp-block-columns is-layout-flex wp-container-core-columns-is-layout-9d6595d7 wp-block-columns-is-layout-flex">
<div class="wp-block-column is-layout-flow wp-block-column-is-layout-flow">
<p>Vi har idag ett fokus på publika våtutrymmen, men efter ett långt samarbete med AVC Gemino ifrån Belgien kan vi inte låta bli att fortsätta återförsälja deras väldesignade och akustiska vägg och dörrsystem för kontor och andra publika miljöer. I serien finns glaspartier i olika modeller och såväl slag- som skjutdörrar. Systemet kundanpassas efter behov och önskemål.  </p>



<p> </p>
</div>



<div class="wp-block-column is-layout-flow wp-block-column-is-layout-flow">
<figure class="wp-block-image size-large is-style-default"><img loading="lazy" decoding="async" width="1024" height="819" src="https://acss.se/inredning/wp-content/uploads/Glaspartier-Kontor-1024x819.jpg" alt="" class="wp-image-4442" srcset="https://acss.se/inredning/wp-content/uploads/Glaspartier-Kontor-1024x819.jpg 1024w, https://acss.se/inredning/wp-content/uploads/Glaspartier-Kontor-300x240.jpg 300w, https://acss.se/inredning/wp-content/uploads/Glaspartier-Kontor-768x614.jpg 768w, https://acss.se/inredning/wp-content/uploads/Glaspartier-Kontor-1536x1229.jpg 1536w, https://acss.se/inredning/wp-content/uploads/Glaspartier-Kontor.jpg 1875w" sizes="auto, (max-width: 1024px) 100vw, 1024px" /><figcaption class="wp-element-caption">Glasparti Gemino</figcaption></figure>
</div>
</div>



<p>För mer information se AVC Gemino webbsida; </p>



<div class="wp-block-columns is-layout-flex wp-container-core-columns-is-layout-9d6595d7 wp-block-columns-is-layout-flex">
<div class="wp-block-column is-layout-flow wp-block-column-is-layout-flow" style="flex-basis:100%">
<figure class="wp-block-image size-full"><a href="https://www.avc.eu/en/doors-and-walls-offices"><img loading="lazy" decoding="async" width="400" height="102" src="https://acss.se/inredning/wp-content/uploads/logga-AVC.png" alt="" class="wp-image-4056" srcset="https://acss.se/inredning/wp-content/uploads/logga-AVC.png 400w, https://acss.se/inredning/wp-content/uploads/logga-AVC-300x77.png 300w" sizes="auto, (max-width: 400px) 100vw, 400px" /></a></figure>
</div>
</div>

<p>Vi har idag ett fokus på publika våtutrymmen, men efter ett långt samarbete med AVC Gemino ifrån Belgien kan vi inte låta bli att fortsätta återförsälja deras väldesignade och akustiska &#8230;</p>

<!-- This site is optimized with the Yoast SEO plugin v27.5 - https://yoast.com/product/yoast-seo-wordpress/ -->
<title>Vägg &amp; dörrsystem - ACSS Inredning - Duschbås, Duschkabiner, Toalettbås, Skåp, Bänkar</title>
<meta name="robots" content="index, follow, max-snippet:-1, max-image-preview:large, max-video-preview:-1" />
<link rel="canonical" href="https://acss.se/inredning/vagg-dorrsystem/" />
<meta property="og:locale" content="sv_SE" />
<meta property="og:type" content="article" />
<meta property="og:title" content="Vägg &amp; dörrsystem - ACSS Inredning - Duschbås, Duschkabiner, Toalettbås, Skåp, Bänkar" />
<meta property="og:description" content="Vi har idag ett fokus på publika våtutrymmen, men efter ett långt samarbete med AVC Gemino ifrån Belgien kan vi inte låta bli att fortsätta återförsälja deras väldesignade och akustiska ..." />
<meta property="og:url" content="https://acss.se/inredning/vagg-dorrsystem/" />
<meta property="og:site_name" content="ACSS Inredning - Duschbås, Duschkabiner, Toalettbås, Skåp, Bänkar" />
<meta property="article:modified_time" content="2025-11-24T20:01:13+00:00" />
<meta property="og:image" content="https://acss.se/inredning/wp-content/uploads/Glaspartier-Kontor.jpg" />
	<meta property="og:image:width" content="1875" />
	<meta property="og:image:height" content="1500" />
	<meta property="og:image:type" content="image/jpeg" />
<meta name="twitter:card" content="summary_large_image" />
<meta name="twitter:label1" content="Beräknad lästid" />
	<meta name="twitter:data1" content="1 minut" />
<script type="application/ld+json" class="yoast-schema-graph">{"@context":"https:\/\/schema.org","@graph":[{"@type":"WebPage","@id":"https:\/\/acss.se\/inredning\/vagg-dorrsystem\/","url":"https:\/\/acss.se\/inredning\/vagg-dorrsystem\/","name":"Vägg & dörrsystem - ACSS Inredning - Duschbås, Duschkabiner, Toalettbås, Skåp, Bänkar","isPartOf":{"@id":"https:\/\/acss.se\/inredning\/#website"},"primaryImageOfPage":{"@id":"https:\/\/acss.se\/inredning\/vagg-dorrsystem\/#primaryimage"},"image":{"@id":"https:\/\/acss.se\/inredning\/vagg-dorrsystem\/#primaryimage"},"thumbnailUrl":"https:\/\/acss.se\/inredning\/wp-content\/uploads\/Glaspartier-Kontor-1024x819.jpg","datePublished":"2023-09-11T14:24:00+00:00","dateModified":"2025-11-24T20:01:13+00:00","breadcrumb":{"@id":"https:\/\/acss.se\/inredning\/vagg-dorrsystem\/#breadcrumb"},"inLanguage":"sv-SE","potentialAction":[{"@type":"ReadAction","target":["https:\/\/acss.se\/inredning\/vagg-dorrsystem\/"]}]},{"@type":"ImageObject","inLanguage":"sv-SE","@id":"https:\/\/acss.se\/inredning\/vagg-dorrsystem\/#primaryimage","url":"https:\/\/acss.se\/inredning\/wp-content\/uploads\/Glaspartier-Kontor.jpg","contentUrl":"https:\/\/acss.se\/inredning\/wp-content\/uploads\/Glaspartier-Kontor.jpg","width":1875,"height":1500},{"@type":"BreadcrumbList","@id":"https:\/\/acss.se\/inredning\/vagg-dorrsystem\/#breadcrumb","itemListElement":[{"@type":"ListItem","position":1,"name":"Hem","item":"https:\/\/acss.se\/inredning\/"},{"@type":"ListItem","position":2,"name":"Vägg &#038; dörrsystem"}]},{"@type":"WebSite","@id":"https:\/\/acss.se\/inredning\/#website","url":"https:\/\/acss.se\/inredning\/","name":"ACSS Inredning","description":"","publisher":{"@id":"https:\/\/acss.se\/inredning\/#organization"},"potentialAction":[{"@type":"SearchAction","target":{"@type":"EntryPoint","urlTemplate":"https:\/\/acss.se\/inredning\/?s={search_term_string}"},"query-input":{"@type":"PropertyValueSpecification","valueRequired":true,"valueName":"search_term_string"}}],"inLanguage":"sv-SE"},{"@type":"Organization","@id":"https:\/\/acss.se\/inredning\/#organization","name":"ACSS Inredning","url":"https:\/\/acss.se\/inredning\/","logo":{"@type":"ImageObject","inLanguage":"sv-SE","@id":"https:\/\/acss.se\/inredning\/#\/schema\/logo\/image\/","url":"https:\/\/acss.se\/inredning\/wp-content\/uploads\/cropped-cropped-ACSS-jpeg-512x512-1-192x192-1.jpg","contentUrl":"https:\/\/acss.se\/inredning\/wp-content\/uploads\/cropped-cropped-ACSS-jpeg-512x512-1-192x192-1.jpg","width":192,"height":76,"caption":"ACSS Inredning"},"image":{"@id":"https:\/\/acss.se\/inredning\/#\/schema\/logo\/image\/"}}]}</script>
<!-- / Yoast SEO plugin. -->

Vägg & dörrsystem - ACSS Inredning - Duschbås, Duschkabiner, Toalettbås, Skåp, Bänkar

Vi har idag ett fokus på publika våtutrymmen, men efter ett långt samarbete med AVC Gemino ifrån Belgien kan vi inte låta bli att fortsätta återförsälja deras väldesignade och akustiska ...

ACSS Inredning - Duschbås, Duschkabiner, Toalettbås, Skåp, Bänkar
