{"id":3870,"date":"2023-03-19T22:43:28","date_gmt":"2023-03-19T22:43:28","guid":{"rendered":"https:\/\/acss.se\/inredning\/?page_id=3870"},"modified":"2025-11-24T19:48:37","modified_gmt":"2025-11-24T19:48:37","slug":"for-bestallare","status":"publish","type":"page","link":"https:\/\/acss.se\/inredning\/for-bestallare\/","title":{"rendered":"F\u00f6r Best\u00e4llare"},"content":{"rendered":"\n<h3 class=\"wp-block-heading\">F\u00d6R OFFERT<\/h3>\n\n\n\n<p>Alla v\u00e5ra produkter tillverkas enligt \u00f6nskade m\u00e5tt. Ange \u00f6nskad storlek, eller om ni inte vet s\u00e5 finns det mycket vanligt f\u00f6rkommande storlekar som mer eller mindre blivit standard. V\u00e5ra &#8220;standard m\u00e5tt&#8221; brukar r\u00e4cka i offertstadiet. <\/p>\n\n\n\n<p>F\u00f6r duschv\u00e4gg modell 601 \u00e4r det b\u00e4sta att f\u00e5 med en planritning s\u00e5 vi ser om det beh\u00f6vs extra st\u00e4nger och hur m\u00e5nga f\u00e4sten f\u00f6r st\u00e4ngerna som beh\u00f6vs.<\/p>\n\n\n\n<p>F\u00f6r sk\u00e4rmv\u00e4gg modell 650 \u00e4r det bra att veta om en stolpe p\u00e5 max 3m r\u00e4cker? Det finns l\u00e4ngre men det blir lite dyrare.<\/p>\n\n\n\n<p>F\u00f6r kabinl\u00f6sningar kr\u00e4vs s\u00e5 gott som alltid en planritning eller enklare skiss f\u00f6r att f\u00f6rst\u00e5 uppst\u00e4llning och storlek.<\/p>\n\n\n\n<p>Kontrollera om det finns speciella \u00f6nskem\u00e5l om ex extra vitt glas, sk Optiwhiteglas? Standard float glas \u00e4r n\u00e5got billigare men har en aningens gr\u00f6n ton i sig.<\/p>\n\n\n\n<h3 class=\"wp-block-heading\">INF\u00d6R BEST\u00c4LLNING<\/h3>\n\n\n\n<p>Glas \u00e4r tungt och det kr\u00e4vs att omgivande fasta v\u00e4ggar \u00e4r byggda enligt byggnormer f\u00f6r publika v\u00e5trum, Alla v\u00e5ra v\u00e4ggh\u00e4ngda sk\u00e4rmar och speciellt d\u00f6rrar som sitter i fastv\u00e4gg m\u00e5ste ha god inf\u00e4stning! God inf\u00e4stning \u00e4r reglat, byggplyfa eller fast betong. Endast gipsv\u00e4ggar eller por\u00f6sa lecablock fungerar inte utan f\u00f6rst\u00e4rkning.<\/p>\n\n\n\n<p>Vid best\u00e4llning av kabiner vill vi alltid ha exakta kontrollm\u00e5tt kakel-kakel innan tillverkning.<\/p>\n\n\n\n<p>Som standard och om inget annat \u00e4r f\u00f6reskrivet \u00e4r d\u00f6rrar \u00f6ppningsbara \u00e5t b\u00e5da h\u00e5ll. Kontrollera att d\u00f6rrar inte rikerar att sl\u00e5 i varandra eller i ex duschhuvuden. Om d\u00f6rrstopp beh\u00f6vs meddela det vid best\u00e4llning. (G\u00e5r ocks\u00e5 oftast att best\u00e4lla i efterhand)<\/p>\n\n\n\n<p>Meddela leveransadress, kontakt f\u00f6r leveransen, ev m\u00e4rkning och mailadress f\u00f6r faktura.<\/p>\n\n\n\n<h3 class=\"wp-block-heading\">VID LEVERANS<\/h3>\n\n\n\n<p>Leveransen sker i tv\u00e5 omg\u00e5ngar. Glasen g\u00e5r direkt fr\u00e5n fabrik och beslagen skickas ifr\u00e5n v\u00e5rat lager. Beslagen kommer vanligtvis i veckan innan glasen. Montageanvising finns i kartongen med beslag. <\/p>\n\n\n\n<p>Leveransbesked, dvs datum f\u00f6r n\u00e4r glasen kommer till er l\u00e4mnas vid orderbekr\u00e4ftelse. <\/p>\n\n\n\n<p>G\u00f6r alltid en okul\u00e4r kontroll av glasen innan chauff\u00f6ren l\u00e4mnar. Om glas \u00e4r trasigt syns det oftast p\u00e5 kanterna s\u00e5 man beh\u00f6ver inte flytta p\u00e5 glas. Om n\u00e5got glas skulle vara trasigt m\u00e5ste det skrivas p\u00e5 fraktdokumentationen som chauff\u00f6ren tar med tillbaka. Det \u00e4r s\u00e5 gott som om\u00f6jligt att reklamera transportskada i efterhand.<\/p>\n\n\n\n<p>Det kan finnas sp\u00e4nningar i h\u00e4rdat glas, dock sker bristningar i glaset pga sp\u00e4nningar som regel alltid inom 48timmar fr\u00e5n h\u00e4rdningen. <\/p>\n\n\n\n<h3 class=\"wp-block-heading\">VID MONTAGE<\/h3>\n\n\n\n<p>Glaset \u00e4r k\u00e4nsligt i kanterna s\u00e5 viktigt att inte kantst\u00f6ra mot h\u00e5rda underlag. F\u00f6rbered alltid med \u201dmjuka\u201d avst\u00e4llningsytor. <\/p>\n\n\n\n<p>Om olyckan \u00e4r framme och vid ett ev br\u00e4ckage g\u00e5r glasytorna s\u00f6nder men lamineringsfolien h\u00e5ller glaset p\u00e5 plats. Detta g\u00f6r att inga stora vassa sk\u00e4rvor kan falla ner och leda till allvarliga sk\u00e4rskador. Vid br\u00e4ckage b\u00f6jer sig glaset och kan b\u00e4ras ut.<\/p>\n\n\n\n<p>Montageanvisningar f\u00f6r v\u00e5ra standardprodukter finns h\u00e4r bredvid som nedladdningsbara filer. D\u00e5 kabiner oftast \u00e4r kundanpassade s\u00e5 utg\u00e5 ifr\u00e5n de som medf\u00f6ljer leveransen. <\/p>\n\n\n\n<p>Se alltid till att montera med ca 10mm mellanrum mellan glas och kakel, och ca 5mm mellan tv\u00e5 glas.<\/p>\n\n\n\n<p>Vid montage av d\u00f6rrar eller vikbara v\u00e4ggar &#8211; observera att det finns olika packningar till g\u00e5ngj\u00e4rnen V\u00e5ra glas \u00e4r som oftast 10mm tjocka.<\/p>\n\n\n\n<p>F\u00f6tter och stolpe golv-tak limmas fast i golv. Det g\u00e5r att skruva fast, men det \u00e4r ej rekommenderat i v\u00e5trum! <\/p>\n\n\n\n<p>Avsluta alltid med att ta bort etiketter fr\u00e5n glasen! Etiketter som f\u00e5r sitta kvar l\u00e4nge \u00e4r sv\u00e5rare att f\u00e5 bort.<\/p>\n\n\n\n<h3 class=\"wp-block-heading\">VID \u00d6VERL\u00c4MNING<\/h3>\n\n\n\n<p>Drift &amp; sk\u00f6tselanvisningar finns som nedladdningsbara filer h\u00e4r till h\u00f6ger, likas\u00e5 ett produktblad p\u00e5 en sida som passar att inkludera i \u00f6verl\u00e4mningsp\u00e4rmen.<\/p>\n\n\n\n<p>\u00d6nskas glasintyg s\u00e5 h\u00f6r av dig s\u00e5 best\u00e4ller vi det till er!<\/p>\n","protected":false},"excerpt":{"rendered":"<p>F\u00d6R OFFERT Alla v\u00e5ra produkter tillverkas enligt \u00f6nskade m\u00e5tt. Ange \u00f6nskad storlek, eller om ni inte vet s\u00e5 finns det mycket vanligt f\u00f6rkommande storlekar som mer eller mindre blivit standard. &#8230;<\/p>\n","protected":false},"author":1,"featured_media":0,"parent":0,"menu_order":0,"comment_status":"closed","ping_status":"closed","template":"","meta":{"footnotes":""},"class_list":["post-3870","page","type-page","status-publish","hentry"],"yoast_head":"<!-- This site is optimized with the Yoast SEO plugin v27.5 - https:\/\/yoast.com\/product\/yoast-seo-wordpress\/ -->\n<title>F\u00f6r Best\u00e4llare - ACSS Inredning - Duschb\u00e5s, Duschkabiner, Toalettb\u00e5s, Sk\u00e5p, B\u00e4nkar<\/title>\n<meta name=\"robots\" content=\"index, follow, max-snippet:-1, max-image-preview:large, max-video-preview:-1\" \/>\n<link rel=\"canonical\" href=\"https:\/\/acss.se\/inredning\/for-bestallare\/\" \/>\n<meta property=\"og:locale\" content=\"sv_SE\" \/>\n<meta property=\"og:type\" content=\"article\" \/>\n<meta property=\"og:title\" content=\"F\u00f6r Best\u00e4llare - ACSS Inredning - Duschb\u00e5s, Duschkabiner, Toalettb\u00e5s, Sk\u00e5p, B\u00e4nkar\" \/>\n<meta property=\"og:description\" content=\"F\u00d6R OFFERT Alla v\u00e5ra produkter tillverkas enligt \u00f6nskade m\u00e5tt. Ange \u00f6nskad storlek, eller om ni inte vet s\u00e5 finns det mycket vanligt f\u00f6rkommande storlekar som mer eller mindre blivit standard. ...\" \/>\n<meta property=\"og:url\" content=\"https:\/\/acss.se\/inredning\/for-bestallare\/\" \/>\n<meta property=\"og:site_name\" content=\"ACSS Inredning - Duschb\u00e5s, Duschkabiner, Toalettb\u00e5s, Sk\u00e5p, B\u00e4nkar\" \/>\n<meta property=\"article:modified_time\" content=\"2025-11-24T19:48:37+00:00\" \/>\n<meta name=\"twitter:card\" content=\"summary_large_image\" \/>\n<meta name=\"twitter:label1\" content=\"Ber\u00e4knad l\u00e4stid\" \/>\n\t<meta name=\"twitter:data1\" content=\"3 minuter\" \/>\n<script type=\"application\/ld+json\" class=\"yoast-schema-graph\">{\"@context\":\"https:\\\/\\\/schema.org\",\"@graph\":[{\"@type\":\"WebPage\",\"@id\":\"https:\\\/\\\/acss.se\\\/inredning\\\/for-bestallare\\\/\",\"url\":\"https:\\\/\\\/acss.se\\\/inredning\\\/for-bestallare\\\/\",\"name\":\"F\u00f6r Best\u00e4llare - ACSS Inredning - Duschb\u00e5s, Duschkabiner, Toalettb\u00e5s, Sk\u00e5p, B\u00e4nkar\",\"isPartOf\":{\"@id\":\"https:\\\/\\\/acss.se\\\/inredning\\\/#website\"},\"datePublished\":\"2023-03-19T22:43:28+00:00\",\"dateModified\":\"2025-11-24T19:48:37+00:00\",\"breadcrumb\":{\"@id\":\"https:\\\/\\\/acss.se\\\/inredning\\\/for-bestallare\\\/#breadcrumb\"},\"inLanguage\":\"sv-SE\",\"potentialAction\":[{\"@type\":\"ReadAction\",\"target\":[\"https:\\\/\\\/acss.se\\\/inredning\\\/for-bestallare\\\/\"]}]},{\"@type\":\"BreadcrumbList\",\"@id\":\"https:\\\/\\\/acss.se\\\/inredning\\\/for-bestallare\\\/#breadcrumb\",\"itemListElement\":[{\"@type\":\"ListItem\",\"position\":1,\"name\":\"Hem\",\"item\":\"https:\\\/\\\/acss.se\\\/inredning\\\/\"},{\"@type\":\"ListItem\",\"position\":2,\"name\":\"F\u00f6r Best\u00e4llare\"}]},{\"@type\":\"WebSite\",\"@id\":\"https:\\\/\\\/acss.se\\\/inredning\\\/#website\",\"url\":\"https:\\\/\\\/acss.se\\\/inredning\\\/\",\"name\":\"ACSS Inredning\",\"description\":\"\",\"publisher\":{\"@id\":\"https:\\\/\\\/acss.se\\\/inredning\\\/#organization\"},\"potentialAction\":[{\"@type\":\"SearchAction\",\"target\":{\"@type\":\"EntryPoint\",\"urlTemplate\":\"https:\\\/\\\/acss.se\\\/inredning\\\/?s={search_term_string}\"},\"query-input\":{\"@type\":\"PropertyValueSpecification\",\"valueRequired\":true,\"valueName\":\"search_term_string\"}}],\"inLanguage\":\"sv-SE\"},{\"@type\":\"Organization\",\"@id\":\"https:\\\/\\\/acss.se\\\/inredning\\\/#organization\",\"name\":\"ACSS Inredning\",\"url\":\"https:\\\/\\\/acss.se\\\/inredning\\\/\",\"logo\":{\"@type\":\"ImageObject\",\"inLanguage\":\"sv-SE\",\"@id\":\"https:\\\/\\\/acss.se\\\/inredning\\\/#\\\/schema\\\/logo\\\/image\\\/\",\"url\":\"https:\\\/\\\/acss.se\\\/inredning\\\/wp-content\\\/uploads\\\/cropped-cropped-ACSS-jpeg-512x512-1-192x192-1.jpg\",\"contentUrl\":\"https:\\\/\\\/acss.se\\\/inredning\\\/wp-content\\\/uploads\\\/cropped-cropped-ACSS-jpeg-512x512-1-192x192-1.jpg\",\"width\":192,\"height\":76,\"caption\":\"ACSS Inredning\"},\"image\":{\"@id\":\"https:\\\/\\\/acss.se\\\/inredning\\\/#\\\/schema\\\/logo\\\/image\\\/\"}}]}<\/script>\n<!-- \/ Yoast SEO plugin. -->","yoast_head_json":{"title":"F\u00f6r Best\u00e4llare - ACSS Inredning - Duschb\u00e5s, Duschkabiner, Toalettb\u00e5s, Sk\u00e5p, B\u00e4nkar","robots":{"index":"index","follow":"follow","max-snippet":"max-snippet:-1","max-image-preview":"max-image-preview:large","max-video-preview":"max-video-preview:-1"},"canonical":"https:\/\/acss.se\/inredning\/for-bestallare\/","og_locale":"sv_SE","og_type":"article","og_title":"F\u00f6r Best\u00e4llare - ACSS Inredning - Duschb\u00e5s, Duschkabiner, Toalettb\u00e5s, Sk\u00e5p, B\u00e4nkar","og_description":"F\u00d6R OFFERT Alla v\u00e5ra produkter tillverkas enligt \u00f6nskade m\u00e5tt. Ange \u00f6nskad storlek, eller om ni inte vet s\u00e5 finns det mycket vanligt f\u00f6rkommande storlekar som mer eller mindre blivit standard. ...","og_url":"https:\/\/acss.se\/inredning\/for-bestallare\/","og_site_name":"ACSS Inredning - Duschb\u00e5s, Duschkabiner, Toalettb\u00e5s, Sk\u00e5p, B\u00e4nkar","article_modified_time":"2025-11-24T19:48:37+00:00","twitter_card":"summary_large_image","twitter_misc":{"Ber\u00e4knad l\u00e4stid":"3 minuter"},"schema":{"@context":"https:\/\/schema.org","@graph":[{"@type":"WebPage","@id":"https:\/\/acss.se\/inredning\/for-bestallare\/","url":"https:\/\/acss.se\/inredning\/for-bestallare\/","name":"F\u00f6r Best\u00e4llare - ACSS Inredning - Duschb\u00e5s, Duschkabiner, Toalettb\u00e5s, Sk\u00e5p, B\u00e4nkar","isPartOf":{"@id":"https:\/\/acss.se\/inredning\/#website"},"datePublished":"2023-03-19T22:43:28+00:00","dateModified":"2025-11-24T19:48:37+00:00","breadcrumb":{"@id":"https:\/\/acss.se\/inredning\/for-bestallare\/#breadcrumb"},"inLanguage":"sv-SE","potentialAction":[{"@type":"ReadAction","target":["https:\/\/acss.se\/inredning\/for-bestallare\/"]}]},{"@type":"BreadcrumbList","@id":"https:\/\/acss.se\/inredning\/for-bestallare\/#breadcrumb","itemListElement":[{"@type":"ListItem","position":1,"name":"Hem","item":"https:\/\/acss.se\/inredning\/"},{"@type":"ListItem","position":2,"name":"F\u00f6r Best\u00e4llare"}]},{"@type":"WebSite","@id":"https:\/\/acss.se\/inredning\/#website","url":"https:\/\/acss.se\/inredning\/","name":"ACSS Inredning","description":"","publisher":{"@id":"https:\/\/acss.se\/inredning\/#organization"},"potentialAction":[{"@type":"SearchAction","target":{"@type":"EntryPoint","urlTemplate":"https:\/\/acss.se\/inredning\/?s={search_term_string}"},"query-input":{"@type":"PropertyValueSpecification","valueRequired":true,"valueName":"search_term_string"}}],"inLanguage":"sv-SE"},{"@type":"Organization","@id":"https:\/\/acss.se\/inredning\/#organization","name":"ACSS Inredning","url":"https:\/\/acss.se\/inredning\/","logo":{"@type":"ImageObject","inLanguage":"sv-SE","@id":"https:\/\/acss.se\/inredning\/#\/schema\/logo\/image\/","url":"https:\/\/acss.se\/inredning\/wp-content\/uploads\/cropped-cropped-ACSS-jpeg-512x512-1-192x192-1.jpg","contentUrl":"https:\/\/acss.se\/inredning\/wp-content\/uploads\/cropped-cropped-ACSS-jpeg-512x512-1-192x192-1.jpg","width":192,"height":76,"caption":"ACSS Inredning"},"image":{"@id":"https:\/\/acss.se\/inredning\/#\/schema\/logo\/image\/"}}]}},"_links":{"self":[{"href":"https:\/\/acss.se\/inredning\/wp-json\/wp\/v2\/pages\/3870","targetHints":{"allow":["GET"]}}],"collection":[{"href":"https:\/\/acss.se\/inredning\/wp-json\/wp\/v2\/pages"}],"about":[{"href":"https:\/\/acss.se\/inredning\/wp-json\/wp\/v2\/types\/page"}],"author":[{"embeddable":true,"href":"https:\/\/acss.se\/inredning\/wp-json\/wp\/v2\/users\/1"}],"replies":[{"embeddable":true,"href":"https:\/\/acss.se\/inredning\/wp-json\/wp\/v2\/comments?post=3870"}],"version-history":[{"count":2,"href":"https:\/\/acss.se\/inredning\/wp-json\/wp\/v2\/pages\/3870\/revisions"}],"predecessor-version":[{"id":4015,"href":"https:\/\/acss.se\/inredning\/wp-json\/wp\/v2\/pages\/3870\/revisions\/4015"}],"wp:attachment":[{"href":"https:\/\/acss.se\/inredning\/wp-json\/wp\/v2\/media?parent=3870"}],"curies":[{"name":"wp","href":"https:\/\/api.w.org\/{rel}","templated":true}]}}